 of 24275191?
7
What is the units digit of 23737149?
9
What is the hundreds digit of 2639253?
2
What is the millions digit of 1687400?
1
What is the ten thousands digit of 19785368?
8
What is the hundred thousands digit of 5068219?
0
What is the thousands digit of 464856?
4
What is the tens digit of 1432813?
1
What is the tens digit of 644612?
1
What is the units digit of 9953?
3
What is the thousands digit of 15709332?
9
What is the hundreds digit of 2760694?
6
What is the ten thousands digit of 20951525?
5
What is the ten thousands digit of 112442?
1
What is the thousands digit of 851768?
1
What is the tens digit of 41439645?
4
What is the ten thousands digit of 168618?
6
What is the tens digit of 316177?
7
What is the units digit of 148508?
8
What is the ten thousands digit of 74832?
7
What is the hundred thousands digit of 5298628?
2
What is the hundred thousands digit of 152285?
1
What is the tens digit of 126874?
7
What is the millions digit of 1698724?
1
What is the thousands digit of 31191086?
1
What is the tens digit of 1077296?
9
What is the millions digit of 11204929?
1
What is the hundred thousands digit of 170641?
1
What is the units digit of 766590?
0
What is the ten thousands digit of 22216211?
1
What is the tens digit of 161774?
7
What is the hundred thousands digit of 326179?
3
What is the ten millions digit of 26789020?
2
What is the hundred thousands digit of 482535?
4
What is the hundred thousands digit of 2172881?
1
What is the hundred thousands digit of 8908930?
9
What is the hundreds digit of 99918?
9
What is the units digit of 478543?
3
What is the units digit of 242564?
4
What is the hundred thousands digit of 1843013?
8
What is the tens digit of 18634656?
5
What is the hundreds digit of 603674?
6
What is the tens digit of 66415?
1
What is the tens digit of 399677?
7
What is the tens digit of 20027855?
5
What is the hundreds digit of 6723?
7
What is the thousands digit of 75978?
5
What is the hundred thousands digit of 2188399?
1
What is the thousands digit of 148774?
8
What is the hundred thousands digit of 260507?
2
What is the units digit of 444441?
1
What is the hundreds digit of 2217769?
7
What is the hundreds digit of 1181153?
1
What is the tens digit of 14731937?
3
What is the units digit of 6911104?
4
What is the units digit of 258819?
9
What is the hundred thousands digit of 6598007?
5
What is the thousands digit of 12001920?
1
What is the units digit of 8166083?
3
What is the units digit of 8901008?
8
What is the thousands digit of 148248?
8
What is the units digit of 1135573?
3
What is the hundred thousands digit of 492507?
4
What is the hundreds digit of 11963292?
2
What is the hundreds digit of 11096006?
0
What is the tens digit of 641502?
0
What is the thousands digit of 402491?
2
What is the tens digit of 1417028?
2
What is the units digit of 16555868?
8
What is the hundreds digit of 171342?
3
What is the tens digit of 26126?
2
What is the units digit of 33087705?
5
What is the units digit of 296800?
0
What is the thousands digit of 2282698?
2
What is the units digit of 16725861?
1
What is the ten thousands digit of 477924?
7
What is the hundreds digit of 2237023?
0
What is the units digit of 1850909?
9
What is the tens digit of 1777233?
3
What is the hundreds digit of 326711?
7
What is the ten thousands digit of 188715?
8
What is the hundred thousands digit of 9142885?
1
What is the thousands digit of 479486?
9
What is the ten thousands digit of 1148548?
4
What is the thousands digit of 188219?
8
What is the units digit of 403619?
9
What is the units digit of 93893?
3
What is the hundred thousands digit of 573199?
5
What is the ten thousands digit of 3911473?
1
What is the ten thousands digit of 1714739?
1
What is the units digit of 549484?
4
What is the ten thousands digit of 2869406?
6
What is the ten thousands digit of 2006926?
0
What is the tens digit of 57811?
1
What is the ten thousands digit of 703310?
0
What is the thousands digit of 11742319?
2
What is the ten thousands digit of 15994964?
9
What is the hundred thousands digit of 451952?
4
What is the tens digit of 94301?
0
What is the units digit of 220344?
4
What is the units digit of 3939800?
0
What is the units digit of 779493?
3
What is the tens digit of 333212?
1
What is the tens digit of 2078971?
7
What is the units digit of 280327?
7
What is the hundred thousands digit of 4079867?
0
What is the ten thousands digit of 10649414?
4
What is the ten thousands digit of 815558?
1
What is the thousands digit of 2519789?
9
What is the hundreds digit of 2588616?
6
What is the tens digit of 2128439?
3
What is the tens digit of 30996232?
3
What is the hundreds digit of 1275320?
3
What is the thousands digit of 4390283?
0
What is the hundred thousands digit of 7167308?
1
What is the units digit of 208895?
5
What is the hundreds digit of 84897?
8
What is the tens digit of 1245217?
1
What is the units digit of 1638948?
8
What is the thousands digit of 4474802?
4
What is the hundred thousands digit of 152774?
1
What is the ten thousands digit of 12487480?
8
What is the units digit of 293256?
6
What is the hundreds digit of 20576356?
3
What is the millions digit of 1098374?
1
What is the hundreds digit of 278027?
0
What is the hundred thousands digit of 126271?
1
What is the ten millions digit of 13623307?
1
What is the hundred thousands digit of 276839?
2
What is the ten millions digit of 15195041?
1
What is the units digit of 7375?
5
What is the millions digit of 2686601?
2
What is the thousands digit of 342094?
2
What is the thousands digit of 6861466?
1
What is the tens digit of 1070476?
7
What is the hundreds digit of 17205813?
8
What is the ten thousands digit of 323334?
2
What is the thousands digit of 87435?
7
What is the millions digit of 1381566?
1
What is the ten thousands digit of 304471?
0
What is the tens digit of 24890?
9
What is the hundred thousands digit of 321231?
3
What is the units digit of 251401?
1
What is the hundreds digit of 5803398?
3
What is the ten thousands digit of 99260?
9
What is the thousands digit of 21267?
1
What is the hundreds digit of 99321?
3
What is the thousands digit of 45606?
5
What is the tens digit of 123510?
1
What is the tens digit of 973884?
8
What is the millions digit of 11096258?
1
What is the millions digit of 3216351?
3
What is the units digit of 78896?
6
What is the hundreds digit of 2864866?
8
What is the tens digit of 4183601?
0
What is the hundreds digit of 958894?
8
What is the ten thousands digit of 573537?
7
What is the hundred thousands digit of 1312993?
3
What is the ten thousands digit of 2569776?
6
What is the tens digit of 135439?
3
What is the millions digit of 18936314?
8
What is the tens digit of 393068?
6
What is the ten thousands digit of 14053908?
5
What is the ten thousands digit of 87908?
8
What is the ten thousands digit of 5374388?
7
What is the thousands digit of 15137?
5
What is the thousands digit of 4651184?
1
What is the thousands digit of 292232?
2
What is the hundred thousands digit of 749749?
7
What is the tens digit of 12172641?
4
What is the hundred thousands digit of 975543?
9
What is the hundred thousands digit of 143097?
1
What is the units digit of 477501?
1
What is the hundred thousands digit of 3392488?
3
What is the hundreds digit of 122383?
3
What is the hundred thousands digit of 38160298?
1
What is the units digit of 268663?
3
What is the ten thousands digit of 1018649?
1
What is the thousands digit of 458307?
8
What is the hundred thousands digit of 18772215?
7
What is the thousands digit of 551391?
1
What is the units digit of 114243?
3
What is the hundred thousands digit of 7091509?
0
What is the hundreds digit of 915924?
9
What is the tens digit of 52954?
5
What is the tens digit of 280064?
6
What is the tens digit of 1290713?
1
What is the units digit of 636935?
5
What is the ten thousands digit of 704495?
0
What is the thousands digit of 364742?
4
What is the thousands digit of 310940?
0
What is the thousands digit of 11399499?
9
What is the tens digit of 44633?
3
What is the tens digit of 13947451?
5
What is the millions digit of 9252132?
9
What is the hundred thousands digit of 600955?
6
What is the tens digit of 1867375?
7
What is the units digit